{"id":301,"date":"2016-11-04T18:09:32","date_gmt":"2016-11-04T17:09:32","guid":{"rendered":"http:\/\/new.reha-technik-hamburg.de\/wordpress\/?page_id=301"},"modified":"2024-01-24T12:59:32","modified_gmt":"2024-01-24T11:59:32","slug":"leistungen-reha-technik-hamburg","status":"publish","type":"page","link":"https:\/\/www.reha-technik-hamburg.de\/?page_id=301","title":{"rendered":"Leistungen"},"content":{"rendered":"<section class=\"cs-section\"><div class=\"container\"><div class=\"row\"><div class=\"col-md-12\"><div class=\"cs-column-text\"><p>In eigener Werkstatt fertigen wir <span style=\"text-decoration: underline;\">Einlagen<\/span> gegen Ihre Fu\u00dfbeschwerden oder <span style=\"text-decoration: underline;\">Orthesen<\/span>, die die Folgen z.B. eines Schlaganfalls lindern. Mit unseren <span style=\"text-decoration: underline;\">Prothesen<\/span> wird der Verlust von Gliedma\u00dfen ausgeglichen.<\/p>\n<p>Unsere Reha -Technik liefert eine gro\u00dfe Auswahl von Hilfsmittel.<br \/>\nHier sind Hilfen f\u00fcr den h\u00e4uslichen Bereich wie <span style=\"text-decoration: underline;\">Rollatoren<\/span>, <span style=\"text-decoration: underline;\">Toilettensitzerh\u00f6hungen<\/span>, <span style=\"text-decoration: underline;\">Haltegriffe<\/span>, <span style=\"text-decoration: underline;\">Badewannensitze<\/span> oder Duschhocker zu nennen. Ebenso z\u00e4hlen <a href=\"http:\/\/new.reha-technik-hamburg.de\/wordpress\/index.php\/pflegebett\/\">Pflegebetten<\/a> oder <a href=\"http:\/\/new.reha-technik-hamburg.de\/wordpress\/index.php\/rollstuhl\/\">Pflegerollst\u00fchle<\/a> und <span style=\"text-decoration: underline;\">spezielle Matratzen<\/span> (Antidekubitus) dazu.<\/p>\n<p>F\u00fcr Ihre Mobilit\u00e4t haben wir <a href=\"http:\/\/new.reha-technik-hamburg.de\/wordpress\/index.php\/rollstuhl\/\">Rollst\u00fchle aller Art<\/a>, besonders Elektrorollst\u00fchle und <span style=\"text-decoration: underline;\">Seniorenmobile<\/span> (Scooter) bei denen wir auch eine Probefahrt anbieten. Wir f\u00fchren auch die Beantragung und Abwicklung von Kosten\u00fcbernahme oder Beteiligungen eines Kostentr\u00e4gers durch.<\/p>\n<p>Ein spezielles Angebot bieten wir im Bereich <span style=\"text-decoration: underline;\">Kompressionsstr\u00fcmpfe<\/span>. Sowohl phlebologische als auch lymphatische Kompressionsstr\u00fcmpfe werden, wenn notwendig, bei Ihnen zu Hause oder in Ihrer Therapiepraxis angemessen.<\/p>\n<p><span style=\"color: #ff0000;\">Neu<\/span> in unserer Angebotspallette haben wir ein umfangreiches Angebot von <a href=\"http:\/\/new.reha-technik-hamburg.de\/wordpress\/index.php\/elektro-scooter\/\">Scootern<\/a>\u00a0(Scooter-Citymobil) aufgenommen &#8211; egal ob Sie einen Elektroscooter, einen 4Rad Scooter, ein Servomobil, ein Citymobil oder ganz einfach ein Elektromobil suchen &#8211; bei uns werden Sie bestimmt f\u00fcndig.<\/p>\n<p>In allen beschrieben Bereichen zeichnet uns eine langj\u00e4hrige Erfahrung aus.<br \/>\nSie sind herzlich eingeladen uns kennen zu lernen und sich selber ein Bild zu machen. Nutzen Sie die Parkpl\u00e4tze direkt vor unserem Gesch\u00e4ft.<\/p>\n<\/div><\/div><\/div><\/div><\/section><section class=\"cs-section\"><div class=\"container\"><div class=\"row\"><div class=\"col-md-3\">[vc_single_image image=&#8220;399&#8243; alignment=&#8220;center&#8220;]<\/div><div class=\"col-md-3\">[vc_single_image image=&#8220;398&#8243; alignment=&#8220;center&#8220;]<\/div><div class=\"col-md-3\">[vc_single_image image=&#8220;396&#8243; alignment=&#8220;center&#8220;]<\/div><div class=\"col-md-3\">[vc_single_image image=&#8220;397&#8243; alignment=&#8220;center&#8220;]<\/div><\/div><\/div><\/section>\n","protected":false},"excerpt":{"rendered":"<p><span class=\"entry-read-more\"><a href=\"https:\/\/www.reha-technik-hamburg.de\/?page_id=301\" class=\"cs-btn cs-btn-flat cs-btn-rounded cs-btn-xxs cs-btn-flat-accent\">Weiterlesen<\/a><\/span><\/p>\n","protected":false},"author":1,"featured_media":0,"parent":0,"menu_order":0,"comment_status":"closed","ping_status":"closed","template":"","meta":{"footnotes":""},"class_list":["post-301","page","type-page","status-publish","hentry"],"_links":{"self":[{"href":"https:\/\/www.reha-technik-hamburg.de\/index.php?rest_route=\/wp\/v2\/pages\/301","targetHints":{"allow":["GET"]}}],"collection":[{"href":"https:\/\/www.reha-technik-hamburg.de\/index.php?rest_route=\/wp\/v2\/pages"}],"about":[{"href":"https:\/\/www.reha-technik-hamburg.de\/index.php?rest_route=\/wp\/v2\/types\/page"}],"author":[{"embeddable":true,"href":"https:\/\/www.reha-technik-hamburg.de\/index.php?rest_route=\/wp\/v2\/users\/1"}],"replies":[{"embeddable":true,"href":"https:\/\/www.reha-technik-hamburg.de\/index.php?rest_route=%2Fwp%2Fv2%2Fcomments&post=301"}],"version-history":[{"count":7,"href":"https:\/\/www.reha-technik-hamburg.de\/index.php?rest_route=\/wp\/v2\/pages\/301\/revisions"}],"predecessor-version":[{"id":5209,"href":"https:\/\/www.reha-technik-hamburg.de\/index.php?rest_route=\/wp\/v2\/pages\/301\/revisions\/5209"}],"wp:attachment":[{"href":"https:\/\/www.reha-technik-hamburg.de\/index.php?rest_route=%2Fwp%2Fv2%2Fmedia&parent=301"}],"curies":[{"name":"wp","href":"https:\/\/api.w.org\/{rel}","templated":true}]}}