{"id":377,"date":"2016-11-08T08:33:52","date_gmt":"2016-11-08T07:33:52","guid":{"rendered":"http:\/\/new.reha-technik-hamburg.de\/wordpress\/?page_id=377"},"modified":"2024-11-12T15:44:32","modified_gmt":"2024-11-12T14:44:32","slug":"rollstuhl","status":"publish","type":"page","link":"https:\/\/www.reha-technik-hamburg.de\/?page_id=377","title":{"rendered":"Rollstuhl und Elektrorollstuhl"},"content":{"rendered":"<section class=\"cs-section\"><div class=\"container\"><div class=\"row\"><div class=\"col-md-12\"><div class=\"cs-column-text\"><h2>Rollst\u00fchle aller Art<\/h2>\n<p>Produkte, die der Mobilit\u00e4t und der weitgehenden Unabh\u00e4ngigkeit von \u00e4lteren und behinderten Menschen\u00a0dienen, m\u00fcssen selbstverst\u00e4ndlich hohen Sicherheitsanforderungen gen\u00fcgen &#8211; unsere Rollst\u00fchle erf\u00fcllen diese.<\/p>\n<p>Fragen Sie nach einem Angebot f\u00fcr <strong>handgetriebene Rollst\u00fchle<\/strong> und\/oder\u00a0<strong>Elektrorollst\u00fchle.<\/strong>\u00a0Wir beraten Sie gern!<br \/>\nLernen Sie uns kennen und nutzen Sie die Parkpl\u00e4tze direkt vor unserem Sanit\u00e4tshaus in Hamburg Rahlstedt.<\/p>\n<\/div><\/div><\/div><\/div><\/section><section class=\"cs-section\"><div class=\"container\"><div class=\"row\"><div class=\"col-md-3\">[vc_single_image image=&#8220;5229&#8243; img_size=&#8220;medium&#8220; style=&#8220;vc_box_border&#8220; border_color=&#8220;chino&#8220; onclick=&#8220;link_image&#8220;]<\/div><div class=\"col-md-3\">[vc_single_image image=&#8220;5231&#8243; img_size=&#8220;medium&#8220; style=&#8220;vc_box_border&#8220; border_color=&#8220;chino&#8220; onclick=&#8220;link_image&#8220;]<\/div><div class=\"col-md-3\">[vc_single_image image=&#8220;5232&#8243; img_size=&#8220;medium&#8220; style=&#8220;vc_box_border&#8220; border_color=&#8220;chino&#8220; onclick=&#8220;link_image&#8220;]<\/div><div class=\"col-md-3\">[vc_single_image image=&#8220;5233&#8243; img_size=&#8220;medium&#8220; style=&#8220;vc_box_border&#8220; border_color=&#8220;chino&#8220; onclick=&#8220;link_image&#8220;]<\/div><\/div><\/div><\/section><section class=\"cs-section\"><div class=\"container\"><div class=\"row\"><div class=\"col-md-12\"><div class=\"cs-column-text\"><h3>Rollstuhlarten<\/h3>\n<p>Rollst\u00fchle erfordern eine auf die Behinderung, die Bed\u00fcrfnisse und den Nutzen des Patienten abgestimmte fachm\u00e4nnische Anpassung. Grob werden Rollst\u00fchle in die folgenden Klassen eingruppiert:<\/p>\n<h3>Der Standardrollstuhl<\/h3>\n<p>Sein Gewicht liegt je nach Sitzbreite bei ca. 19 Kg. Das Benutzergewicht ist auf 130 Kg. Begrenzt.<\/p>\n<p>Haupts\u00e4chlich wird er f\u00fcr den Innenraumund kleine Strecken Au\u00dferhalb genutzt. Angetrieben durch den Benutzer oder eine Begleitperson. Der Preis startet je nach Modell bei 320 \u20ac<\/p>\n<h3>Der Standard-Leichtgewichtsrollstuhl<\/h3>\n<p>Sein Gewicht liegt je nach Sitzbreite bei ca. 17 Kg. Das Benutzergewicht ist auf 130 Kg. Begrenzt.<\/p>\n<p>Auch dieser Rollstuhl ist f\u00fcr drinnen und drau\u00dfen geeignet und wird ebenso durch den Benutzer oder eine Begleitperson angetrieben. Er unterscheidet sich durch eine Anpassbarkeit an den Benutzer.<\/p>\n<p>(z.B. Sitzh\u00f6he oder Radstand) Der Preis startet je nach Modell bei 400 \u20ac<\/p>\n<h3>Der Adaptivrollstuhl<\/h3>\n<p>Dieser Rollstuhl wird auch aktiv Rollstuhl genannt, weil er an die Bed\u00fcrfnisse des Benutzers besonders gut angepasst werden kann. Durch die gro\u00dfe Zubeh\u00f6rliste der Hersteller lassen sich diverse individuelle Ver\u00e4nderungen f\u00fcr den Benutzer vornehmen. Sein Startgewicht liegt bei ca. 8 Kg. Die Preise f\u00fcr dieses Modell starten bei ca. 470 \u20ac<\/p>\n<h3>Der Multi-Funktions-Rollstuhl<\/h3>\n<p>Zeichnet sich durch eine gute Anpassbarkeit an die Sitzqualit\u00e4t und Sitzstabilit\u00e4t aus. Mit den Sitz- und R\u00fcckenpolstern ist ein druckreduziertes angenehmes Sitzen m\u00f6glich. Durch R\u00fcckenverstellung und Sitzkantelung l\u00e4sst sich dieser Rollstuhl an den Bedarf seines Benutzers Anpassen. Die Preise f\u00fcr dieses Modell starten bei ca. 1.180\u20ac<\/p>\n<h3>Zusatzantrieb f\u00fcr Rollst\u00fchle<\/h3>\n<p>Ein Zusatzantrieb wandelt einen mechanischen Rollstuhl in einen Elektrorollstuhl. Eine Bedienung ist durch den Fahrer selber oder als Schiebehilfe durch die Begleitperson m\u00f6glich und erh\u00f6ht die Mobilit\u00e4t und erleichtert das Befahren unebener Strecken. Es sind Strecken von 7 \u2013 12 Km erreichbar. Die Preise f\u00fcr Zusatzantriebe starten bei ca. 4.300 \u20ac<\/p>\n<h3>Der Elektrorollstuhl<\/h3>\n<p>Sie sind f\u00fcr das selbstst\u00e4ndige fahren im Innen- und Au\u00dfenbereich konzipiert. Einkaufen oder Spazierfahrten \u00fcber unebene Gehwege sind dank der gro\u00dfen Bereifung m\u00f6glich. Auch sind diverse Zurichtungen montierbar um eine individuelle Anpassung zu erreichen. Die Reichweite kann 20 bis 70 Km betragen. Die Preise starten f\u00fcr Elektrorollst\u00fchle bei ca. 2.800 \u20ac<\/p>\n<\/div><\/div><\/div><\/div><\/section>\n","protected":false},"excerpt":{"rendered":"<p><span class=\"entry-read-more\"><a href=\"https:\/\/www.reha-technik-hamburg.de\/?page_id=377\" class=\"cs-btn cs-btn-flat cs-btn-rounded cs-btn-xxs cs-btn-flat-accent\">Weiterlesen<\/a><\/span><\/p>\n","protected":false},"author":1,"featured_media":0,"parent":0,"menu_order":0,"comment_status":"closed","ping_status":"closed","template":"","meta":{"footnotes":""},"class_list":["post-377","page","type-page","status-publish","hentry"],"_links":{"self":[{"href":"https:\/\/www.reha-technik-hamburg.de\/index.php?rest_route=\/wp\/v2\/pages\/377","targetHints":{"allow":["GET"]}}],"collection":[{"href":"https:\/\/www.reha-technik-hamburg.de\/index.php?rest_route=\/wp\/v2\/pages"}],"about":[{"href":"https:\/\/www.reha-technik-hamburg.de\/index.php?rest_route=\/wp\/v2\/types\/page"}],"author":[{"embeddable":true,"href":"https:\/\/www.reha-technik-hamburg.de\/index.php?rest_route=\/wp\/v2\/users\/1"}],"replies":[{"embeddable":true,"href":"https:\/\/www.reha-technik-hamburg.de\/index.php?rest_route=%2Fwp%2Fv2%2Fcomments&post=377"}],"version-history":[{"count":19,"href":"https:\/\/www.reha-technik-hamburg.de\/index.php?rest_route=\/wp\/v2\/pages\/377\/revisions"}],"predecessor-version":[{"id":5260,"href":"https:\/\/www.reha-technik-hamburg.de\/index.php?rest_route=\/wp\/v2\/pages\/377\/revisions\/5260"}],"wp:attachment":[{"href":"https:\/\/www.reha-technik-hamburg.de\/index.php?rest_route=%2Fwp%2Fv2%2Fmedia&parent=377"}],"curies":[{"name":"wp","href":"https:\/\/api.w.org\/{rel}","templated":true}]}}