{"id":380,"date":"2016-11-08T08:34:18","date_gmt":"2016-11-08T07:34:18","guid":{"rendered":"http:\/\/new.reha-technik-hamburg.de\/wordpress\/?page_id=380"},"modified":"2024-02-14T11:08:36","modified_gmt":"2024-02-14T10:08:36","slug":"pflegebett","status":"publish","type":"page","link":"https:\/\/www.reha-technik-hamburg.de\/?page_id=380","title":{"rendered":"Pflegebett"},"content":{"rendered":"<section class=\"cs-section\"><div class=\"container\"><div class=\"row\"><div class=\"col-md-3\">[vc_single_image image=&#8220;5239&#8243; img_size=&#8220;medium&#8220; style=&#8220;vc_box_border&#8220; border_color=&#8220;chino&#8220; onclick=&#8220;link_image&#8220;]<\/div><div class=\"col-md-3\">[vc_single_image image=&#8220;542&#8243; img_size=&#8220;medium&#8220; style=&#8220;vc_box_border&#8220; border_color=&#8220;chino&#8220; onclick=&#8220;link_image&#8220;]<\/div><div class=\"col-md-3\">[vc_single_image image=&#8220;5241&#8243; img_size=&#8220;medium&#8220; style=&#8220;vc_box_border&#8220; border_color=&#8220;chino&#8220; onclick=&#8220;link_image&#8220;]<\/div><div class=\"col-md-3\">[vc_single_image image=&#8220;5242&#8243; img_size=&#8220;medium&#8220; style=&#8220;vc_box_border&#8220; border_color=&#8220;chino&#8220; onclick=&#8220;link_image&#8220;]<\/div><\/div><\/div><\/section><section class=\"cs-section\"><div class=\"container\"><div class=\"row\"><div class=\"col-md-12\"><div class=\"cs-column-text\"><h2>Pflegebetten in verschiedensten Ausf\u00fchrungen<\/h2>\n<p>Wir sind ein Sanit\u00e4tsfachgesch\u00e4ft in Hamburg Rahlstedt und bieten unseren Kunden Pflegebetten und Beistelltische (Nachtschrank, Betttisch) in allen Ausf\u00fchrungen.&nbsp;Auch <span style=\"text-decoration: underline;\">Verkauf<\/span> und <span style=\"text-decoration: underline;\">Vermietung<\/span>.&nbsp;Fragen Sie nach einem individuellen Angebot f\u00fcr ihr Pflegebett, wir beraten Sie gern.<\/p>\n<p><strong>Besuchen Sie auch unsere Partnerseite:<\/strong><\/p>\n<ul>\n<li><a href=\"http:\/\/bock.net\/\" target=\"_blank\" rel=\"noopener noreferrer\">Hermann Bock GmbH<\/a><\/li>\n<li><a href=\"https:\/\/www.burmeier.com\/de\/start\" target=\"_blank\" rel=\"noopener noreferrer\">burmeier<\/a><\/li>\n<\/ul>\n<h2>Pflege- und Seniorenbetten<\/h2>\n<h3>Standard Pflegebetten<\/h3>\n<p>Hierbei handelt es sich um Betten f\u00fcr die Pflege in der eigenen Wohnung. Durch die elektrische Verstellbarkei sind sowohl die Liegefl\u00e4che in sich wie auch die H\u00f6he verstellbar (40 \u2013 80 cm). Durch einen Aufrichter und Seitengitter wird das Bett komplettiert. Dies unterst\u00fctzt die Betreuung und Lagerung von Patienten zu Hause. Angeboten werden die Standard Betten in hellem und dunklem Holzdekor.<br \/>\nDer Preis beginnt bei ca. 850\u20ac<\/p>\n<h3>Sonderausstattungen f\u00fcr Pflegebetten<\/h3>\n<p>Pflegebetten sind in unterschiedlichen Liegefl\u00e4chenbreiten (z.B.100 cm, 140 cm) und L\u00e4ngen (z.B. 220 cm) erh\u00e4ltlich. Ben\u00f6tigt ein Patient mit einem Gewicht \u00fcber 130 Kg ein Pflegebett, wird ein Modell gew\u00e4hlt, das ein Patientengewicht bis zu 280 Kg tr\u00e4gt. F\u00fcr besonders kleine Menschen ist das Modell mit einer niedrigen Einstigsh\u00f6he die L\u00f6sung. Hier ist die H\u00f6he von 22 \u2013 62 cm verstellbar. Soll das vorhandene Ehebett zur Pflege genutzt werden, wird ein Pflegebetteinlegerahmen in dieses eingepasst. Das gewohnte Bild bleibt erhalten und die Pflege wird unterst\u00fctzt.<\/p>\n<h3>Privatkauf Pflegebetten<\/h3>\n<p>In diesem Bereich haben Sie die M\u00f6glichkeit, sich ein \u201eTraumbett\u201c zusammen zu stellen. Aus einem reichhaltigen Programm der Hersteller lassen sich verschiedene Liegefl\u00e4chen Variationen oder Designs ausw\u00e4hlen. So gibt es Seniorenbetten, in den entweder ein Lattenrost mit oder ohne Verstellung oder ein Pflegebetteinlegerahmen eingepasst werden kann. Wohlf\u00fchlen und Individualit\u00e4t stehen hier im Vordergrund. Zur Erg\u00e4nzung der Pflege und des Wohlbefindens erhalten Sie moderne Nachttische oder Leselampen.<\/p>\n<h3><\/h3>\n<h3>Hilfsmittel in XL<\/h3>\n<p>Menschen, die durch ein hohes Gewicht belastet sind, ben\u00f6tigen geeignete Hilfsmittel. Diese Hilfsmittel sind ausgelegt um Personen von \u00fcber 130 Kg zu helfen. Ob Gehwagen, Rollator, Rollstuhl, Elektromobil oder Pflegebett, alle diese Hilfsmittel sollten f\u00fcr die jeweilige Beanspruchung geeignet sein und den Alltag erleichtern. Um dem Adipositas Personenkreis das sichere Benutzen von Duschst\u00fchlen, Weichlagerungs- und Antidekubitusmatratzen und den oben genannten Hilfsmittel zu erm\u00f6glichen, werden von verschiedenen Herstellern diese Hilfsmittel angeboten. Die Beschaffung einer Matratze, die eine Tragkraft von bis zu 350 Kg ausweist ist ein problematisches Unterfangen. Hier helfen wir. Wir beraten Sie, damit eine perfekte L\u00f6sung gefunden wird, die zu Ihnen passt und Ihre Selbstst\u00e4ndigkeit oder die Hilfe durch Andere unterst\u00fctzt. Aber nicht nur das Gewicht eines Menschen bedarf einer besonderen Aufmerksamkeit, auch die K\u00f6rpergr\u00f6\u00dfe erfordert die Auswahl geeigneter Hilfsmittel. Zum Beispiel ein Rollstuhl der nicht die passende Sitzh\u00f6he hat, beeinflusst das bequeme und schmerzfreie Sitzen. Allt\u00e4gliche Hilfsmittel wie eine fahrbarer Toilettenstuhl auf den eine kleine Person nicht ohne Hilfe nicht hinaufkommt ist keine Hilfe. Wir machen Hausbesuche um die Situation bei Ihnen zu Hause und in Ihrer Umgebung in die Beratung ein beziehen zu k\u00f6nnen. Ein Hilfsmittel soll so weit wie m\u00f6glich Ihrem Bedarf entsprechen.<\/p>\n<\/div><\/div><\/div><\/div><\/section><section class=\"cs-section\"><div class=\"container\"><div class=\"row\"><div class=\"col-md-12\"><div class=\"cs-column-text\"><h3>Matratzen<\/h3>\n<p>\u00dcblicherweise erhalten Sie in einem Sanit\u00e4tshaus Matratzen, die dem Durchliegen (Dekubitus) vorbeugen. Oft werden unsere Betten aber auch f\u00fcr die Unterst\u00fctzung beim Ein- und Aussteigen oder der Liegefl\u00e4chenverstellung ausgew\u00e4hlt. Um eine Matratze nach Ihren Bed\u00fcrfnissen zu finden, bieten wir die Produkte der Firma Kubivent an. Aus dem Angebot l\u00e4sst sich die geeignete Matratze durch das Gewicht und den W\u00e4rmebedarf ermittelt. Eine Erprobung ist m\u00f6glich.<\/p>\n<p><strong>Kubivent startet bei 395 \u20ac<\/strong><\/p>\n<\/div><\/div><\/div><\/div><\/section><section class=\"cs-section\"><div class=\"container\"><div class=\"row\"><div class=\"col-md-4\">[vc_single_image image=&#8220;5244&#8243; img_size=&#8220;medium&#8220; style=&#8220;vc_box_border&#8220; border_color=&#8220;chino&#8220; onclick=&#8220;link_image&#8220;]<\/div><div class=\"col-md-4\">[vc_single_image image=&#8220;5245&#8243; img_size=&#8220;medium&#8220; style=&#8220;vc_box_border&#8220; border_color=&#8220;chino&#8220; onclick=&#8220;link_image&#8220;]<\/div><div class=\"col-md-4\">[vc_single_image image=&#8220;5246&#8243; img_size=&#8220;medium&#8220; style=&#8220;vc_box_border&#8220; border_color=&#8220;chino&#8220; onclick=&#8220;link_image&#8220;]<\/div><\/div><\/div><\/section>\n","protected":false},"excerpt":{"rendered":"<p><span class=\"entry-read-more\"><a href=\"https:\/\/www.reha-technik-hamburg.de\/?page_id=380\" class=\"cs-btn cs-btn-flat cs-btn-rounded cs-btn-xxs cs-btn-flat-accent\">Weiterlesen<\/a><\/span><\/p>\n","protected":false},"author":1,"featured_media":0,"parent":0,"menu_order":0,"comment_status":"closed","ping_status":"closed","template":"","meta":{"footnotes":""},"class_list":["post-380","page","type-page","status-publish","hentry"],"_links":{"self":[{"href":"https:\/\/www.reha-technik-hamburg.de\/index.php?rest_route=\/wp\/v2\/pages\/380","targetHints":{"allow":["GET"]}}],"collection":[{"href":"https:\/\/www.reha-technik-hamburg.de\/index.php?rest_route=\/wp\/v2\/pages"}],"about":[{"href":"https:\/\/www.reha-technik-hamburg.de\/index.php?rest_route=\/wp\/v2\/types\/page"}],"author":[{"embeddable":true,"href":"https:\/\/www.reha-technik-hamburg.de\/index.php?rest_route=\/wp\/v2\/users\/1"}],"replies":[{"embeddable":true,"href":"https:\/\/www.reha-technik-hamburg.de\/index.php?rest_route=%2Fwp%2Fv2%2Fcomments&post=380"}],"version-history":[{"count":26,"href":"https:\/\/www.reha-technik-hamburg.de\/index.php?rest_route=\/wp\/v2\/pages\/380\/revisions"}],"predecessor-version":[{"id":5247,"href":"https:\/\/www.reha-technik-hamburg.de\/index.php?rest_route=\/wp\/v2\/pages\/380\/revisions\/5247"}],"wp:attachment":[{"href":"https:\/\/www.reha-technik-hamburg.de\/index.php?rest_route=%2Fwp%2Fv2%2Fmedia&parent=380"}],"curies":[{"name":"wp","href":"https:\/\/api.w.org\/{rel}","templated":true}]}}