{"id":383,"date":"2016-11-08T08:35:11","date_gmt":"2016-11-08T07:35:11","guid":{"rendered":"http:\/\/new.reha-technik-hamburg.de\/wordpress\/?page_id=383"},"modified":"2024-11-12T15:48:26","modified_gmt":"2024-11-12T14:48:26","slug":"elektro-scooter","status":"publish","type":"page","link":"https:\/\/www.reha-technik-hamburg.de\/?page_id=383","title":{"rendered":"Elektro Scooter"},"content":{"rendered":"<section class=\"cs-section\"><div class=\"container\"><div class=\"row\"><div class=\"col-md-12\"><div class=\"cs-column-text\"><h2>Scooter &#8211; Elektroscooter &#8211; Cityscooter &#8211; Cityliner<\/h2>\n<p>[&#8230;] egal f\u00fcr welchen Scooter, Cityliner Sie sich entscheiden, er stammt aus einer Familie, die Wert auf Form und Funktion legt.\u00a0Gemeinsam zeichnen sich alle Scooter als sichere, angenehme und komfortable Fahrzeuge aus.<\/p>\n<p>Sie sind leicht zu fahren, f\u00fchrerscheinfrei, umweltfreundlich\u00a0und zuverl\u00e4ssig. Die automatische Geschwindigkeitsreduzierung sorgt f\u00fcr sicheres Kurvenfahren. Steigungen bis zu 30 % werden problemlos gemeistert.<\/p>\n<p><strong>F\u00fcr den Transport sind alle Scooter ohne Werkzeug zerlegbar.<\/strong><\/p>\n<p>Grunds\u00e4tzlich bietet die <strong>3-r\u00e4drige Variante<\/strong> dem Fahrer mehr Beinfreiheit, die <strong>4-r\u00e4drige Ausf\u00fchrung<\/strong> daf\u00fcr mehr Stabilit\u00e4t und Robustheit. Alle Scooter &#8211; Modelle haben eine <strong>einstellbare Sicherheitslenks\u00e4ule<\/strong>.<\/p>\n<p>Die Farben Rot und Silber stehen zur Wahl.<\/p>\n<p><strong>Fragen Sie nach einem Angebot f\u00fcr:<\/strong><\/p>\n<ul>\n<li>Scooter<\/li>\n<li>Elektroscooter<\/li>\n<li>Citymobil, Cityliner, Ortocar<\/li>\n<li>Elektromobile<\/li>\n<\/ul>\n<p>wir beraten Sie gern!<\/p>\n<p>Auch Verkauf und Anpassung vor Ort und kostenlose Probefahrt.<\/p>\n<\/div><\/div><\/div><\/div><\/section><section class=\"cs-section\"><div class=\"container\"><div class=\"row\"><div class=\"col-md-3\">[vc_single_image image=&#8220;5248&#8243; img_size=&#8220;medium&#8220; style=&#8220;vc_box_border&#8220; border_color=&#8220;chino&#8220; onclick=&#8220;link_image&#8220;]<\/div><div class=\"col-md-3\">[vc_single_image image=&#8220;5220&#8243; img_size=&#8220;medium&#8220; style=&#8220;vc_box_border&#8220; border_color=&#8220;chino&#8220; onclick=&#8220;link_image&#8220;]<\/div><div class=\"col-md-3\">[vc_single_image image=&#8220;5221&#8243; img_size=&#8220;medium&#8220; style=&#8220;vc_box_border&#8220; border_color=&#8220;chino&#8220; onclick=&#8220;link_image&#8220;]<\/div><div class=\"col-md-3\">[vc_single_image image=&#8220;5249&#8243; img_size=&#8220;medium&#8220; style=&#8220;vc_box_border&#8220; border_color=&#8220;chino&#8220; onclick=&#8220;link_image&#8220;]<\/div><\/div><\/div><\/section><section class=\"cs-section\"><div class=\"container\"><div class=\"row\"><div class=\"col-md-12\"><div class=\"cs-column-text\"><h2>Elektromobile Elektroscooter \u2013 Scotter \u2013 Seniorenmobile<\/h2>\n<p>Mobilit\u00e4t ist ein Bed\u00fcrfnis, das mit zunehmendem Alter oder einer Erkrankung eingeschr\u00e4nkt wird. Hilfe kann ein <strong>Elektromobil<\/strong>, <strong>Elektroscooter<\/strong> oder ein <strong>Elektrorollstuhl<\/strong> schaffen.<\/p>\n<p>Bei der Auswahl eines geeigneten Modells spielen aber eine Menge Details eine Rolle. Sie k\u00f6nnen bei uns deshalb auch eine Probefahrt machen und erhalten eine Beratung, die durch unsere langj\u00e4hrige Erfahrung gepr\u00e4gt ist.<\/p>\n<p>Entscheidend beim ersten Kontakt ist nicht, welches Modell Sie probieren, sondern welche Erkenntnisse Sie daraus gewinnen&#8230;<\/p>\n<ul>\n<li>Kommen Sie mit dem Lenker und der Geschwindigkeitsbedienung zurecht?<\/li>\n<li>Sitzen Sie gut?<\/li>\n<li>Haben Ihre Beine ausreichend Platz?<\/li>\n<\/ul>\n<p>Das sind Fragen die so auftreten und mit in die L\u00f6sung, also das Modell das zu Ihnen Passt, einflie\u00dfen.<\/p>\n<p>&nbsp;<\/p>\n<p><strong>Auf die Frage:<\/strong> Was wollen Sie mit dem Scooter machen? Sollen Sie nicht spontan antworten. \u00dcberlegen Sie wohin Sie fahren wollen und wie die Wege beschaffen sind. M\u00fcssen \u00f6ffentliche Verkehrsmittel benutzt werden? Oder wie lang ist die Wegstrecke? Alle Antworten ergeben eine Modell Gruppe aus der ihr Scooter ausgew\u00e4hlt werden kann.<\/p>\n<p>Jetzt kommt es auf Ihren pers\u00f6nlichen Geschmack an. Farbe und Design, H\u00f6chstgeschwindigkeit und Zubeh\u00f6r sollen erst jetzt ein Thema sein und ausgesucht werden. Weil wir nicht alle Modelle in jeglicher Ausstattung bereitstellen k\u00f6nnen, bieten wir die M\u00f6glichkeit, dieses Modell f\u00fcr Sie bei einem Hersteller als Probemodell zu bestellen, damit Sie Ihr Wunschmodell dann erproben k\u00f6nnen. Es kommt also beim Kauf eines Elektromobils nicht ausschlie\u00dflich auf den Preis an. Es ist auch eine Beeidigung Ihrer Krankenkasse oder eines anderen Kostentr\u00e4gers m\u00f6glich. Sie k\u00f6nnen auch eine Ratenzahlung vereinbaren. Wichtiger ist, dass m\u00f6glichst viele Ihrer Bed\u00fcrfnisse abgedeckt werden und Sie ein gro\u00dfes St\u00fcck Ihrer Mobilit\u00e4t wieder erlangen.<\/p>\n<p>&nbsp;<\/p>\n<h3>Miniscooter<\/h3>\n<p>Haben Ihre St\u00e4rke in ihrer kleinen Bauart. Sie lassen sich entweder zerlegen oder sogar falten, damit sie im PKW transportiert werden k\u00f6nnen. Das zul\u00e4ssige Patientengewicht liegt zwischen 90 \u2013 125 Kg. Die Reichweite liegt bei ca. 12 \u2013 16 Km.<\/p>\n<p><strong>Die Preis beginnen bei ca. 1.980 \u20ac<\/strong><\/p>\n<p>&nbsp;<\/p>\n<h3>Scooter 6 Km\/ h<\/h3>\n<p>Diese Modelle werden als Standard Modelle bezeichnet. Sie haben eine Reichweite von ca. 25 \u2013 35 Km und erlauben ein Patientengewicht von 130 Kg. Die Ausstattung ist praktisch und zweckm\u00e4\u00dfig.<\/p>\n<p><strong>Die Preise beginnen bei ca. 2.600 \u20ac<\/strong><\/p>\n<p>&nbsp;<\/p>\n<h3>Scooter 10 \u2013 15 Km\/h<\/h3>\n<p>Hier ist eine H\u00f6chstgeschwindigkeit von 10, 12 oder 15 Km\/h m\u00f6glich. In dieser Kategorie finden sie die bestm\u00f6gliche Ausstattung. Es sind zB Kapit\u00e4nssitze und Luftfederung erh\u00e4ltlich. Es ist eine Reichweite bis zu 50 Km m\u00f6glich. Das erlaubte Patientengewicht liegt bei bis zu 160 Kg.<\/p>\n<p><strong>Die Preise beginnen bei ca. 3.070 \u20ac ( 10 Km\/h)<\/strong><\/p>\n<p>&nbsp;<\/p>\n<h3>Scooter in XXL<\/h3>\n<p>Auch f\u00fcr Personen mit \u00fcberdurchschnittlichem Gewicht ist Scooter fahren m\u00f6glich. Hier sind Gewichte von 220 \u2013 260 Kg zugelassen. Die Reichweite betr\u00e4gt 30 \u2013 40 Km.<\/p>\n<p><strong>Die Preise beginnen bei ca. 4.999 \u20ac<\/strong><\/p>\n<p>&nbsp;<\/p>\n<h3>Sonderfahrzeuge<\/h3>\n<p>Zu dieser Kategorie geh\u00f6ren zB doppelsitzige Scooter, auf denen zwei Personen fahren k\u00f6nnen. Auch der sogenannte Kabinen Scooter sei hier genannt. Hier ist das Fahrzeug mit einer Kunststoff Kabine umbaut, die den Fahrer bei Regen trocken h\u00e4lt. Das letzte Modell dieser Kategorie leistet eine H\u00f6chstgeschwindigkeit von 25 Km\/h.<\/p>\n<p><strong>Bei den Sonderfahrzeugen ist der Preis auf Anfrage.<\/strong><\/p>\n<\/div><\/div><\/div><\/div><\/section>\n","protected":false},"excerpt":{"rendered":"<p><span class=\"entry-read-more\"><a href=\"https:\/\/www.reha-technik-hamburg.de\/?page_id=383\" class=\"cs-btn cs-btn-flat cs-btn-rounded cs-btn-xxs cs-btn-flat-accent\">Weiterlesen<\/a><\/span><\/p>\n","protected":false},"author":1,"featured_media":0,"parent":0,"menu_order":0,"comment_status":"closed","ping_status":"closed","template":"","meta":{"footnotes":""},"class_list":["post-383","page","type-page","status-publish","hentry"],"_links":{"self":[{"href":"https:\/\/www.reha-technik-hamburg.de\/index.php?rest_route=\/wp\/v2\/pages\/383","targetHints":{"allow":["GET"]}}],"collection":[{"href":"https:\/\/www.reha-technik-hamburg.de\/index.php?rest_route=\/wp\/v2\/pages"}],"about":[{"href":"https:\/\/www.reha-technik-hamburg.de\/index.php?rest_route=\/wp\/v2\/types\/page"}],"author":[{"embeddable":true,"href":"https:\/\/www.reha-technik-hamburg.de\/index.php?rest_route=\/wp\/v2\/users\/1"}],"replies":[{"embeddable":true,"href":"https:\/\/www.reha-technik-hamburg.de\/index.php?rest_route=%2Fwp%2Fv2%2Fcomments&post=383"}],"version-history":[{"count":20,"href":"https:\/\/www.reha-technik-hamburg.de\/index.php?rest_route=\/wp\/v2\/pages\/383\/revisions"}],"predecessor-version":[{"id":5261,"href":"https:\/\/www.reha-technik-hamburg.de\/index.php?rest_route=\/wp\/v2\/pages\/383\/revisions\/5261"}],"wp:attachment":[{"href":"https:\/\/www.reha-technik-hamburg.de\/index.php?rest_route=%2Fwp%2Fv2%2Fmedia&parent=383"}],"curies":[{"name":"wp","href":"https:\/\/api.w.org\/{rel}","templated":true}]}}