{"id":386,"date":"2016-11-08T08:35:32","date_gmt":"2016-11-08T07:35:32","guid":{"rendered":"http:\/\/new.reha-technik-hamburg.de\/wordpress\/?page_id=386"},"modified":"2025-05-05T14:55:56","modified_gmt":"2025-05-05T12:55:56","slug":"gehwagen-gehhilfe","status":"publish","type":"page","link":"https:\/\/www.reha-technik-hamburg.de\/?page_id=386","title":{"rendered":"Rollatoren  Gehhilfen"},"content":{"rendered":"<section class=\"cs-section\"><div class=\"container\"><div class=\"row\"><div class=\"col-md-3\">[vc_single_image image=&#8220;554&#8243; img_size=&#8220;medium&#8220; style=&#8220;vc_box_border&#8220; border_color=&#8220;chino&#8220; onclick=&#8220;link_image&#8220;]<\/div><div class=\"col-md-3\">[vc_single_image image=&#8220;5258&#8243; img_size=&#8220;medium&#8220; style=&#8220;vc_box_border&#8220; border_color=&#8220;chino&#8220; onclick=&#8220;link_image&#8220;]<\/div><div class=\"col-md-3\">[vc_single_image image=&#8220;5216&#8243; img_size=&#8220;medium&#8220; style=&#8220;vc_box_border&#8220; border_color=&#8220;chino&#8220; onclick=&#8220;link_image&#8220;]<\/div><div class=\"col-md-3\">[vc_single_image image=&#8220;5217&#8243; img_size=&#8220;medium&#8220; style=&#8220;vc_box_border&#8220; border_color=&#8220;chino&#8220; onclick=&#8220;link_image&#8220;]<\/div><\/div><\/div><\/section><section class=\"cs-section\"><div class=\"container\"><div class=\"row\"><div class=\"col-md-12\"><div class=\"cs-column-text\"><h2>Gehwagen und\/oder Gehilfen in allen Ausf\u00fchrungen<\/h2>\n<p><strong>Bewegung ist Leben.<\/strong><\/p>\n<p>Pers\u00f6nliche Unabh\u00e4ngigkeit, aber auch der Wunsch nach menschlicher N\u00e4he haben immer etwas mit Bewegung zu tun. Werte sch\u00e4tzen und erhalten ist das Ziel. Die Gehwagen und Gehilfen vom deutschen Markenhersteller Ortopedia hilft ihnen dabei.<\/p>\n<p>Fragen Sie nach einem individuellen Angebot f\u00fcr ihren\u00a0Gehwagen bzw. Gehhilfe &#8211; wir beraten Sie gern!<br \/>\nAuch Verkauf, Vermietung.<\/p>\n<p>[&#8230;] Bilder von Gehwagen &#8230;<\/p>\n<p>&nbsp;<\/p>\n<h3>Gehwagen und Rollatoren<\/h3>\n<p>Rollatoren sind Hilfsmittel die zum einen das Gehen unterst\u00fctzen und zum anderen die Gew\u00e4hr bieten, dass immer eine Sitzm\u00f6glichkeit dabei ist. Mit Korb \/ Tasche und Tablett ausgestattet sind sie praktische Hilfen f\u00fcr den Alltag. Durch die vielf\u00e4ltige Ausstattung sind sie f\u00fcr verschiedene Alltagssituationen geeignet. Bei uns k\u00f6nnen sie verschiedene Modelle ausprobieren und sich ein Bild machen, welcher Rollator zu ihren Bed\u00fcrfnissen passt. Hierbei k\u00f6nnen sie von unserer langj\u00e4hrigen Erfahrung im Umgang mit Rollatoren profitieren.<\/p>\n<h3>Standard Rollator<\/h3>\n<p>Es sind stabile Modelle mit Korb und Sitzfl\u00e4che. Das Gewicht liegt bei 10 Kg und das zul\u00e4ssige Benutzergewicht betr\u00e4gt 120 Kg. Das zusammen Falten geht von hinten nach vorne. Der Rollator steht nicht von selber im zusammengeklappten Zustand.<\/p>\n<p><strong>Die Preise liegen bei ca. 85 \u20ac<\/strong><\/p>\n<p>&nbsp;<\/p>\n<h3>Leichtgewicht Rollatoren<\/h3>\n<p>Zu dieser Kategorie z\u00e4hlt eine sehr gro\u00dfe Gruppe von verschiedenen Modellen. Sie gl\u00e4nzen alle durch das Gewicht (ca. 5.5 Kg) und den Faltmechanismus. Dieser wird von links nach rechts bet\u00e4tigt und der Rollator steht dann immer noch von allein. Es sind auch Modelle mit Unterarmauflage (Arthritis-Rollator) oder mit einer Einhandbremse im Angebot. \u00dcber verschiedene Farben, verschieden weiche \/ harte R\u00e4der und Taschen und K\u00f6rbe rundet sich das Programm ab. Durch das Verwenden von verschiedenen Materialien variieren die Preise sehr.<\/p>\n<p><strong>Preise beginnen bei ca. 260 \u20ac<br \/>\n<\/strong><\/p>\n<p>&nbsp;<\/p>\n<h3>Rollatoren f\u00fcr unebenes Gel\u00e4nde<\/h3>\n<p>Diese Rollatoren verf\u00fcgen \u00fcber gr\u00f6\u00dfere und breitere R\u00e4der die entweder Luft gef\u00fcllt sind oder aus weichem Vollgummi bestehen. Hiermit lassen sich unebene Wege sicher befahren. Die meisten oben genannten Zubeh\u00f6r Teile sind auch in diesem Segment erh\u00e4ltlich. Der Faltmechanismus ist wie bei den Leichtgewicht Rollatoren. Das Gewicht liegt bei 8,5 Kg und das Benutzergewicht kann bis zu 150 Kg betragen.<\/p>\n<p><strong>Die Preise liegen bei ca. 380 \u20ac<\/strong><\/p>\n<h3>Rollatoren<\/h3>\n<p>Diese haben vier R\u00e4der, sind U -f\u00f6rmig und st\u00fctzen entweder unter den Achseln oder mit einem Polsterring, auf dem die Unterarme ruhen. F\u00fcr die Benutzung sind glatte B\u00f6den erforderlich, daher finden sie diese h\u00e4ufig in der Reha oder im Krankenhaus. Zum wiedererlangen der Gehf\u00e4higkeit werden Gehwagen mit einer Sitzhose verwendet. Hierbei kann der Benutzer selber gehen &#8211; hat aber zur Sicherheit die Sitzhose, die ihn auff\u00e4ngt wenn die Kraft nachl\u00e4sst.<\/p>\n<\/div><\/div><\/div><\/div><\/section>\n","protected":false},"excerpt":{"rendered":"<p><span class=\"entry-read-more\"><a href=\"https:\/\/www.reha-technik-hamburg.de\/?page_id=386\" class=\"cs-btn cs-btn-flat cs-btn-rounded cs-btn-xxs cs-btn-flat-accent\">Weiterlesen<\/a><\/span><\/p>\n","protected":false},"author":1,"featured_media":0,"parent":0,"menu_order":0,"comment_status":"closed","ping_status":"closed","template":"","meta":{"footnotes":""},"class_list":["post-386","page","type-page","status-publish","hentry"],"_links":{"self":[{"href":"https:\/\/www.reha-technik-hamburg.de\/index.php?rest_route=\/wp\/v2\/pages\/386","targetHints":{"allow":["GET"]}}],"collection":[{"href":"https:\/\/www.reha-technik-hamburg.de\/index.php?rest_route=\/wp\/v2\/pages"}],"about":[{"href":"https:\/\/www.reha-technik-hamburg.de\/index.php?rest_route=\/wp\/v2\/types\/page"}],"author":[{"embeddable":true,"href":"https:\/\/www.reha-technik-hamburg.de\/index.php?rest_route=\/wp\/v2\/users\/1"}],"replies":[{"embeddable":true,"href":"https:\/\/www.reha-technik-hamburg.de\/index.php?rest_route=%2Fwp%2Fv2%2Fcomments&post=386"}],"version-history":[{"count":12,"href":"https:\/\/www.reha-technik-hamburg.de\/index.php?rest_route=\/wp\/v2\/pages\/386\/revisions"}],"predecessor-version":[{"id":5268,"href":"https:\/\/www.reha-technik-hamburg.de\/index.php?rest_route=\/wp\/v2\/pages\/386\/revisions\/5268"}],"wp:attachment":[{"href":"https:\/\/www.reha-technik-hamburg.de\/index.php?rest_route=%2Fwp%2Fv2%2Fmedia&parent=386"}],"curies":[{"name":"wp","href":"https:\/\/api.w.org\/{rel}","templated":true}]}}